{"id":263,"date":"2025-04-15T01:37:18","date_gmt":"2025-04-14T23:37:18","guid":{"rendered":"https:\/\/revelati0n.com\/?page_id=263"},"modified":"2025-04-15T01:37:18","modified_gmt":"2025-04-14T23:37:18","slug":"farmen","status":"publish","type":"page","link":"https:\/\/revelati0n.com\/?page_id=263","title":{"rendered":"Farmen"},"content":{"rendered":"<p>Zum Farmen sind folgende Ausr\u00fcstungsvarianten m\u00f6glich.<\/p>\n<p>\u2022 Rein f\u00fcr Traglast -&gt; Architekten Ausr\u00fcstung<\/p>\n<p>\u2022 Traglast und Geschwindigkeit -&gt; Architekten Ausr\u00fcstung mit Investorenhose<\/p>\n<p>\u2022 Rein f\u00fcr Geschwindigkeit -&gt; Architekten Ausr\u00fcstung mit Investorendolch und Investorenhose<\/p>\n<p>Bitte beachtet das ihr die Ausr\u00fcstung erst nach dem Raubbeginn gewechselt wird da diese einen Einfluss darauf nimmt ob das Lager auf einmal geleert wird.<\/p>\n<p>Holt euch im Clanshop die 50 % Raubbeschleunigung f\u00fcr 7 Tage (127.500 Clanehre)<\/p>\n<p>Im Investitionszentrum sollten zum Farmen folgende Punkte beachtet werden:<\/p>\n<p>\u2022 Wirtschaft<br \/>\n-&gt; Traglast I<br \/>\n-&gt; Resourcenraub I<\/p>\n<p>\u2022 Rathausbewaffnung<br \/>\n-&gt; Traglast II<br \/>\n-&gt; Resourcenraub II<br \/>\n-&gt; Raub-Eile I<br \/>\n-&gt; Raub-Formation<\/p>\n<p>\u2022 Formation<br \/>\n-&gt; Raub-Eile II<\/p>\n<p>\u2022 Ausr\u00fcstung<br \/>\n-&gt; Diamantenraub<\/p>\n<p>Des Weiteren sollten die Talentepunkte der Babes an folgenden Stellen gesetzt werden.<\/p>\n<p>\u2022 Olivia<br \/>\n-&gt; Traglast<br \/>\n-&gt; Bargeldraub<br \/>\n-&gt; Raub-Eile<\/p>\n<p>\u2022 Iskania<br \/>\n-&gt; Legierungsraub<br \/>\n-&gt; G\u00fcterraub<br \/>\n-&gt; Munitionsraub<\/p>\n<p>\u2022 Julia<br \/>\n-&gt; Diamantenraub<\/p>\n<p>\u2022 Camila<br \/>\n-&gt; Raubbeschleunigung<\/p>\n<p>Verteilung der Begabungspunkte des UB<br \/>\nFolgende Punkte sollten auf das Maximum gelevelt sein.<\/p>\n<p>-&gt; Einheiten-Traglast I<br \/>\n-&gt; Raubgeschwindigkeit I<br \/>\n-&gt; Raubgeschwindigkeit II<br \/>\n-&gt; Einheiten-Traglast II<\/p>\n<p>Nachricht an #farmen<\/p>\n","protected":false},"excerpt":{"rendered":"<p>Zum Farmen sind folgende Ausr\u00fcstungsvarianten m\u00f6glich. \u2022 Rein f\u00fcr Traglast -&gt; Architekten Ausr\u00fcstung \u2022 Traglast und Geschwindigkeit -&gt; Architekten Ausr\u00fcstung mit Investorenhose \u2022 Rein f\u00fcr Geschwindigkeit -&gt; Architekten Ausr\u00fcstung mit Investorendolch und Investorenhose Bitte beachtet das ihr die Ausr\u00fcstung erst nach dem Raubbeginn gewechselt wird da diese einen Einfluss darauf nimmt ob das Lager auf einmal geleert wird. Holt euch im Clanshop die 50 % Raubbeschleunigung f\u00fcr 7 Tage (127.500 Clanehre) Im Investitionszentrum sollten zum Farmen folgende Punkte beachtet werden:&#8230;<\/p>\n<p class=\"read-more\"><a class=\"btn btn-default\" href=\"https:\/\/revelati0n.com\/?page_id=263\">Weiterlesen<span class=\"screen-reader-text\"> Weiterlesen<\/span><\/a><\/p>\n","protected":false},"author":1,"featured_media":0,"parent":88,"menu_order":0,"comment_status":"closed","ping_status":"closed","template":"","meta":{"footnotes":""},"class_list":["post-263","page","type-page","status-publish","hentry"],"yoast_head":"<!-- This site is optimized with the Yoast SEO plugin v26.4 - https:\/\/yoast.com\/wordpress\/plugins\/seo\/ -->\n<title>Farmen - ZrX - Revelation<\/title>\n<meta name=\"robots\" content=\"index, follow, max-snippet:-1, max-image-preview:large, max-video-preview:-1\" \/>\n<link rel=\"canonical\" href=\"https:\/\/revelati0n.com\/?page_id=263\" \/>\n<meta property=\"og:locale\" content=\"de_DE\" \/>\n<meta property=\"og:type\" content=\"article\" \/>\n<meta property=\"og:title\" content=\"Farmen - ZrX - Revelation\" \/>\n<meta property=\"og:description\" content=\"Zum Farmen sind folgende Ausr\u00fcstungsvarianten m\u00f6glich. \u2022 Rein f\u00fcr Traglast -&gt; Architekten Ausr\u00fcstung \u2022 Traglast und Geschwindigkeit -&gt; Architekten Ausr\u00fcstung mit Investorenhose \u2022 Rein f\u00fcr Geschwindigkeit -&gt; Architekten Ausr\u00fcstung mit Investorendolch und Investorenhose Bitte beachtet das ihr die Ausr\u00fcstung erst nach dem Raubbeginn gewechselt wird da diese einen Einfluss darauf nimmt ob das Lager auf einmal geleert wird. Holt euch im Clanshop die 50 % Raubbeschleunigung f\u00fcr 7 Tage (127.500 Clanehre) Im Investitionszentrum sollten zum Farmen folgende Punkte beachtet werden:...Weiterlesen Weiterlesen\" \/>\n<meta property=\"og:url\" content=\"https:\/\/revelati0n.com\/?page_id=263\" \/>\n<meta property=\"og:site_name\" content=\"ZrX - Revelation\" \/>\n<meta name=\"twitter:card\" content=\"summary_large_image\" \/>\n<meta name=\"twitter:label1\" content=\"Gesch\u00e4tzte Lesezeit\" \/>\n\t<meta name=\"twitter:data1\" content=\"1\u00a0Minute\" \/>\n<script type=\"application\/ld+json\" class=\"yoast-schema-graph\">{\"@context\":\"https:\/\/schema.org\",\"@graph\":[{\"@type\":\"WebPage\",\"@id\":\"https:\/\/revelati0n.com\/?page_id=263\",\"url\":\"https:\/\/revelati0n.com\/?page_id=263\",\"name\":\"Farmen - ZrX - Revelation\",\"isPartOf\":{\"@id\":\"https:\/\/revelati0n.com\/#website\"},\"datePublished\":\"2025-04-14T23:37:18+00:00\",\"breadcrumb\":{\"@id\":\"https:\/\/revelati0n.com\/?page_id=263#breadcrumb\"},\"inLanguage\":\"de\",\"potentialAction\":[{\"@type\":\"ReadAction\",\"target\":[\"https:\/\/revelati0n.com\/?page_id=263\"]}]},{\"@type\":\"BreadcrumbList\",\"@id\":\"https:\/\/revelati0n.com\/?page_id=263#breadcrumb\",\"itemListElement\":[{\"@type\":\"ListItem\",\"position\":1,\"name\":\"Home\",\"item\":\"https:\/\/revelati0n.com\/\"},{\"@type\":\"ListItem\",\"position\":2,\"name\":\"Anleitungen\",\"item\":\"https:\/\/revelati0n.com\/?page_id=88\"},{\"@type\":\"ListItem\",\"position\":3,\"name\":\"Farmen\"}]},{\"@type\":\"WebSite\",\"@id\":\"https:\/\/revelati0n.com\/#website\",\"url\":\"https:\/\/revelati0n.com\/\",\"name\":\"ZrX - Revelation\",\"description\":\"The Grand Mafia Guides - Tips - Tricks - Tutorials\",\"publisher\":{\"@id\":\"https:\/\/revelati0n.com\/#organization\"},\"potentialAction\":[{\"@type\":\"SearchAction\",\"target\":{\"@type\":\"EntryPoint\",\"urlTemplate\":\"https:\/\/revelati0n.com\/?s={search_term_string}\"},\"query-input\":{\"@type\":\"PropertyValueSpecification\",\"valueRequired\":true,\"valueName\":\"search_term_string\"}}],\"inLanguage\":\"de\"},{\"@type\":\"Organization\",\"@id\":\"https:\/\/revelati0n.com\/#organization\",\"name\":\"ZrX - Revelation\",\"url\":\"https:\/\/revelati0n.com\/\",\"logo\":{\"@type\":\"ImageObject\",\"inLanguage\":\"de\",\"@id\":\"https:\/\/revelati0n.com\/#\/schema\/logo\/image\/\",\"url\":\"https:\/\/revelati0n.com\/wp-content\/uploads\/2022\/11\/logo.png\",\"contentUrl\":\"https:\/\/revelati0n.com\/wp-content\/uploads\/2022\/11\/logo.png\",\"width\":183,\"height\":61,\"caption\":\"ZrX - Revelation\"},\"image\":{\"@id\":\"https:\/\/revelati0n.com\/#\/schema\/logo\/image\/\"}}]}<\/script>\n<!-- \/ Yoast SEO plugin. -->","yoast_head_json":{"title":"Farmen - ZrX - Revelation","robots":{"index":"index","follow":"follow","max-snippet":"max-snippet:-1","max-image-preview":"max-image-preview:large","max-video-preview":"max-video-preview:-1"},"canonical":"https:\/\/revelati0n.com\/?page_id=263","og_locale":"de_DE","og_type":"article","og_title":"Farmen - ZrX - Revelation","og_description":"Zum Farmen sind folgende Ausr\u00fcstungsvarianten m\u00f6glich. \u2022 Rein f\u00fcr Traglast -&gt; Architekten Ausr\u00fcstung \u2022 Traglast und Geschwindigkeit -&gt; Architekten Ausr\u00fcstung mit Investorenhose \u2022 Rein f\u00fcr Geschwindigkeit -&gt; Architekten Ausr\u00fcstung mit Investorendolch und Investorenhose Bitte beachtet das ihr die Ausr\u00fcstung erst nach dem Raubbeginn gewechselt wird da diese einen Einfluss darauf nimmt ob das Lager auf einmal geleert wird. Holt euch im Clanshop die 50 % Raubbeschleunigung f\u00fcr 7 Tage (127.500 Clanehre) Im Investitionszentrum sollten zum Farmen folgende Punkte beachtet werden:...Weiterlesen Weiterlesen","og_url":"https:\/\/revelati0n.com\/?page_id=263","og_site_name":"ZrX - Revelation","twitter_card":"summary_large_image","twitter_misc":{"Gesch\u00e4tzte Lesezeit":"1\u00a0Minute"},"schema":{"@context":"https:\/\/schema.org","@graph":[{"@type":"WebPage","@id":"https:\/\/revelati0n.com\/?page_id=263","url":"https:\/\/revelati0n.com\/?page_id=263","name":"Farmen - ZrX - Revelation","isPartOf":{"@id":"https:\/\/revelati0n.com\/#website"},"datePublished":"2025-04-14T23:37:18+00:00","breadcrumb":{"@id":"https:\/\/revelati0n.com\/?page_id=263#breadcrumb"},"inLanguage":"de","potentialAction":[{"@type":"ReadAction","target":["https:\/\/revelati0n.com\/?page_id=263"]}]},{"@type":"BreadcrumbList","@id":"https:\/\/revelati0n.com\/?page_id=263#breadcrumb","itemListElement":[{"@type":"ListItem","position":1,"name":"Home","item":"https:\/\/revelati0n.com\/"},{"@type":"ListItem","position":2,"name":"Anleitungen","item":"https:\/\/revelati0n.com\/?page_id=88"},{"@type":"ListItem","position":3,"name":"Farmen"}]},{"@type":"WebSite","@id":"https:\/\/revelati0n.com\/#website","url":"https:\/\/revelati0n.com\/","name":"ZrX - Revelation","description":"The Grand Mafia Guides - Tips - Tricks - Tutorials","publisher":{"@id":"https:\/\/revelati0n.com\/#organization"},"potentialAction":[{"@type":"SearchAction","target":{"@type":"EntryPoint","urlTemplate":"https:\/\/revelati0n.com\/?s={search_term_string}"},"query-input":{"@type":"PropertyValueSpecification","valueRequired":true,"valueName":"search_term_string"}}],"inLanguage":"de"},{"@type":"Organization","@id":"https:\/\/revelati0n.com\/#organization","name":"ZrX - Revelation","url":"https:\/\/revelati0n.com\/","logo":{"@type":"ImageObject","inLanguage":"de","@id":"https:\/\/revelati0n.com\/#\/schema\/logo\/image\/","url":"https:\/\/revelati0n.com\/wp-content\/uploads\/2022\/11\/logo.png","contentUrl":"https:\/\/revelati0n.com\/wp-content\/uploads\/2022\/11\/logo.png","width":183,"height":61,"caption":"ZrX - Revelation"},"image":{"@id":"https:\/\/revelati0n.com\/#\/schema\/logo\/image\/"}}]}},"_links":{"self":[{"href":"https:\/\/revelati0n.com\/index.php?rest_route=\/wp\/v2\/pages\/263","targetHints":{"allow":["GET"]}}],"collection":[{"href":"https:\/\/revelati0n.com\/index.php?rest_route=\/wp\/v2\/pages"}],"about":[{"href":"https:\/\/revelati0n.com\/index.php?rest_route=\/wp\/v2\/types\/page"}],"author":[{"embeddable":true,"href":"https:\/\/revelati0n.com\/index.php?rest_route=\/wp\/v2\/users\/1"}],"replies":[{"embeddable":true,"href":"https:\/\/revelati0n.com\/index.php?rest_route=%2Fwp%2Fv2%2Fcomments&post=263"}],"version-history":[{"count":1,"href":"https:\/\/revelati0n.com\/index.php?rest_route=\/wp\/v2\/pages\/263\/revisions"}],"predecessor-version":[{"id":264,"href":"https:\/\/revelati0n.com\/index.php?rest_route=\/wp\/v2\/pages\/263\/revisions\/264"}],"up":[{"embeddable":true,"href":"https:\/\/revelati0n.com\/index.php?rest_route=\/wp\/v2\/pages\/88"}],"wp:attachment":[{"href":"https:\/\/revelati0n.com\/index.php?rest_route=%2Fwp%2Fv2%2Fmedia&parent=263"}],"curies":[{"name":"wp","href":"https:\/\/api.w.org\/{rel}","templated":true}]}}