{"id":17,"date":"2022-06-17T02:46:36","date_gmt":"2022-06-17T00:46:36","guid":{"rendered":"https:\/\/revelati0n.com\/?page_id=17"},"modified":"2025-04-23T13:24:00","modified_gmt":"2025-04-23T11:24:00","slug":"tutorials","status":"publish","type":"page","link":"https:\/\/revelati0n.com\/?page_id=17&lang=en","title":{"rendered":"Tutorials"},"content":{"rendered":"<p><img loading=\"lazy\" decoding=\"async\" class=\"alignnone size-full wp-image-183\" src=\"https:\/\/revelati0n.com\/wp-content\/uploads\/2023\/01\/tutorials.jpg\" alt=\"\" width=\"600\" height=\"314\" srcset=\"https:\/\/revelati0n.com\/wp-content\/uploads\/2023\/01\/tutorials.jpg 600w, https:\/\/revelati0n.com\/wp-content\/uploads\/2023\/01\/tutorials-300x157.jpg 300w, https:\/\/revelati0n.com\/wp-content\/uploads\/2023\/01\/tutorials-516x270.jpg 516w\" sizes=\"auto, (max-width: 600px) 100vw, 600px\" \/><\/p>\n<p><strong>Beginner Guides:<\/strong><\/p>\n<ul>\n<li><a href=\"https:\/\/revelati0n.com\/?page_id=578&amp;lang=en\">Ownprotection<\/a><\/li>\n<li><a href=\"https:\/\/revelati0n.com\/?page_id=586&amp;lang=en\">RSS-Managment<\/a><\/li>\n<li><a href=\"https:\/\/revelati0n.com\/?page_id=590&amp;lang=en\">Farming<\/a><\/li>\n<li><a href=\"https:\/\/revelati0n.com\/?page_id=596&amp;lang=en\">Building and investment improvement<\/a><\/li>\n<li><a href=\"https:\/\/revelati0n.com\/?page_id=599&#038;lang=en\">Building Permit<\/a><\/li>\n<li><a href=\"https:\/\/revelati0n.com\/?page_id=274\">Unit Training<\/a><\/li>\n<li><a href=\"https:\/\/revelati0n.com\/?page_id=277\">Casino and Scavenger Hunt<\/a><\/li>\n<li><a href=\"https:\/\/revelati0n.com\/?page_id=280\">Kingpin<\/a><\/li>\n<li><a href=\"https:\/\/revelati0n.com\/?page_id=283\">Gearsets<\/a><\/li>\n<li><a href=\"https:\/\/revelati0n.com\/?page_id=286\">Jewels<\/a><\/li>\n<li><a href=\"https:\/\/revelati0n.com\/?page_id=289\">City migration<\/a><\/li>\n<\/ul>\n<p>&nbsp;<\/p>\n<p><strong>Defense and Fight:<\/strong><\/p>\n<ul>\n<li><a href=\"https:\/\/revelati0n.com\/?page_id=293\">Wall<\/a><\/li>\n<li><a href=\"https:\/\/revelati0n.com\/?page_id=295\">Welche Einheit schl\u00e4gt welche<\/a><\/li>\n<li><a href=\"https:\/\/revelati0n.com\/?page_id=299\">Unterschied Verst\u00e4rken und Stationieren<\/a><\/li>\n<li><a href=\"https:\/\/revelati0n.com\/?page_id=304\">Ausr\u00fcstung und Begabung<\/a><\/li>\n<li><a href=\"https:\/\/revelati0n.com\/?page_id=307\">Erkl\u00e4rung zur Formation<\/a><\/li>\n<li><a href=\"https:\/\/revelati0n.com\/index.php\/formation-z\/\">Formation Z<\/a><\/li>\n<li><a href=\"https:\/\/revelati0n.com\/?page_id=311\">Verteidigung<\/a><\/li>\n<li><a href=\"https:\/\/revelati0n.com\/?page_id=314\">UB-Falle<\/a><\/li>\n<li><a href=\"https:\/\/revelati0n.com\/?page_id=317\">Superwaffen<\/a><\/li>\n<li><a href=\"https:\/\/revelati0n.com\/?page_id=320\">Exclusive Waffen<\/a><\/li>\n<li><a href=\"https:\/\/revelati0n.com\/?page_id=323\">Erkundungsbericht<\/a><\/li>\n<li><a href=\"https:\/\/revelati0n.com\/?page_id=326\">Truppeneinstellung bei Raid<\/a><\/li>\n<li><a href=\"https:\/\/revelati0n.com\/?page_id=329\">Raid Leader<\/a><\/li>\n<li><a href=\"https:\/\/revelati0n.com\/?page_id=332\">Codes f\u00fcr Raids<\/a><\/li>\n<li><a href=\"https:\/\/revelati0n.com\/?page_id=335\">Fleischwand<\/a><\/li>\n<\/ul>\n<p>&nbsp;<\/p>\n<p><strong>Our instructions were created by:<\/strong><\/p>\n<p><em>Klei\u03ae Idefix [dGa] (City #283)<\/em><br \/>\n<em>F\u00e6me69 [TvP] (City #47)<\/em><br \/>\n<em>d43m0n23 [tvp] (City #47)<\/em><\/p>\n<p><em>*All screenshots are from the German interface,<\/em><br \/>\n<em>but the pictures should be understandable for everyone.<\/em><\/p>\n","protected":false},"excerpt":{"rendered":"<p>Beginner Guides: Ownprotection RSS-Managment Farming Building and investment improvement Building Permit Unit Training Casino and Scavenger Hunt Kingpin Gearsets Jewels City migration &nbsp; Defense and Fight: Wall Welche Einheit schl\u00e4gt welche Unterschied Verst\u00e4rken und Stationieren Ausr\u00fcstung und Begabung Erkl\u00e4rung zur Formation Formation Z Verteidigung UB-Falle Superwaffen Exclusive Waffen Erkundungsbericht Truppeneinstellung bei Raid Raid Leader Codes f\u00fcr Raids Fleischwand &nbsp; Our instructions were created by: Klei\u03ae Idefix [dGa] (City #283) F\u00e6me69 [TvP] (City #47) d43m0n23 [tvp] (City #47) *All screenshots are&#8230;<\/p>\n<p class=\"read-more\"><a class=\"btn btn-default\" href=\"https:\/\/revelati0n.com\/?page_id=17&#038;lang=en\">Weiterlesen<span class=\"screen-reader-text\"> Weiterlesen<\/span><\/a><\/p>\n","protected":false},"author":1,"featured_media":0,"parent":0,"menu_order":0,"comment_status":"closed","ping_status":"closed","template":"","meta":{"footnotes":""},"class_list":["post-17","page","type-page","status-publish","hentry"],"yoast_head":"<!-- This site is optimized with the Yoast SEO plugin v26.4 - https:\/\/yoast.com\/wordpress\/plugins\/seo\/ -->\n<title>Tutorials - ZrX - Revelation<\/title>\n<meta name=\"robots\" content=\"index, follow, max-snippet:-1, max-image-preview:large, max-video-preview:-1\" \/>\n<link rel=\"canonical\" href=\"https:\/\/revelati0n.com\/?page_id=17&lang=en\" \/>\n<meta property=\"og:locale\" content=\"de_DE\" \/>\n<meta property=\"og:type\" content=\"article\" \/>\n<meta property=\"og:title\" content=\"Tutorials - ZrX - Revelation\" \/>\n<meta property=\"og:description\" content=\"Beginner Guides: Ownprotection RSS-Managment Farming Building and investment improvement Building Permit Unit Training Casino and Scavenger Hunt Kingpin Gearsets Jewels City migration &nbsp; Defense and Fight: Wall Welche Einheit schl\u00e4gt welche Unterschied Verst\u00e4rken und Stationieren Ausr\u00fcstung und Begabung Erkl\u00e4rung zur Formation Formation Z Verteidigung UB-Falle Superwaffen Exclusive Waffen Erkundungsbericht Truppeneinstellung bei Raid Raid Leader Codes f\u00fcr Raids Fleischwand &nbsp; Our instructions were created by: Klei\u03ae Idefix [dGa] (City #283) F\u00e6me69 [TvP] (City #47) d43m0n23 [tvp] (City #47) *All screenshots are...Weiterlesen Weiterlesen\" \/>\n<meta property=\"og:url\" content=\"https:\/\/revelati0n.com\/?page_id=17&amp;lang=en\" \/>\n<meta property=\"og:site_name\" content=\"ZrX - Revelation\" \/>\n<meta property=\"article:modified_time\" content=\"2025-04-23T11:24:00+00:00\" \/>\n<meta property=\"og:image\" content=\"https:\/\/revelati0n.com\/wp-content\/uploads\/2023\/01\/tutorials.jpg\" \/>\n\t<meta property=\"og:image:width\" content=\"600\" \/>\n\t<meta property=\"og:image:height\" content=\"314\" \/>\n\t<meta property=\"og:image:type\" content=\"image\/jpeg\" \/>\n<meta name=\"twitter:card\" content=\"summary_large_image\" \/>\n<meta name=\"twitter:label1\" content=\"Gesch\u00e4tzte Lesezeit\" \/>\n\t<meta name=\"twitter:data1\" content=\"1\u00a0Minute\" \/>\n<script type=\"application\/ld+json\" class=\"yoast-schema-graph\">{\"@context\":\"https:\/\/schema.org\",\"@graph\":[{\"@type\":\"WebPage\",\"@id\":\"https:\/\/revelati0n.com\/?page_id=17&lang=en\",\"url\":\"https:\/\/revelati0n.com\/?page_id=17&lang=en\",\"name\":\"Tutorials - ZrX - Revelation\",\"isPartOf\":{\"@id\":\"https:\/\/revelati0n.com\/#website\"},\"primaryImageOfPage\":{\"@id\":\"https:\/\/revelati0n.com\/?page_id=17&lang=en#primaryimage\"},\"image\":{\"@id\":\"https:\/\/revelati0n.com\/?page_id=17&lang=en#primaryimage\"},\"thumbnailUrl\":\"https:\/\/revelati0n.com\/wp-content\/uploads\/2023\/01\/tutorials.jpg\",\"datePublished\":\"2022-06-17T00:46:36+00:00\",\"dateModified\":\"2025-04-23T11:24:00+00:00\",\"breadcrumb\":{\"@id\":\"https:\/\/revelati0n.com\/?page_id=17&lang=en#breadcrumb\"},\"inLanguage\":\"de\",\"potentialAction\":[{\"@type\":\"ReadAction\",\"target\":[\"https:\/\/revelati0n.com\/?page_id=17&lang=en\"]}]},{\"@type\":\"ImageObject\",\"inLanguage\":\"de\",\"@id\":\"https:\/\/revelati0n.com\/?page_id=17&lang=en#primaryimage\",\"url\":\"https:\/\/revelati0n.com\/wp-content\/uploads\/2023\/01\/tutorials.jpg\",\"contentUrl\":\"https:\/\/revelati0n.com\/wp-content\/uploads\/2023\/01\/tutorials.jpg\",\"width\":600,\"height\":314},{\"@type\":\"BreadcrumbList\",\"@id\":\"https:\/\/revelati0n.com\/?page_id=17&lang=en#breadcrumb\",\"itemListElement\":[{\"@type\":\"ListItem\",\"position\":1,\"name\":\"Home\",\"item\":\"https:\/\/revelati0n.com\/\"},{\"@type\":\"ListItem\",\"position\":2,\"name\":\"Tutorials\"}]},{\"@type\":\"WebSite\",\"@id\":\"https:\/\/revelati0n.com\/#website\",\"url\":\"https:\/\/revelati0n.com\/\",\"name\":\"ZrX - Revelation\",\"description\":\"The Grand Mafia Guides - Tips - Tricks - Tutorials\",\"publisher\":{\"@id\":\"https:\/\/revelati0n.com\/#organization\"},\"potentialAction\":[{\"@type\":\"SearchAction\",\"target\":{\"@type\":\"EntryPoint\",\"urlTemplate\":\"https:\/\/revelati0n.com\/?s={search_term_string}\"},\"query-input\":{\"@type\":\"PropertyValueSpecification\",\"valueRequired\":true,\"valueName\":\"search_term_string\"}}],\"inLanguage\":\"de\"},{\"@type\":\"Organization\",\"@id\":\"https:\/\/revelati0n.com\/#organization\",\"name\":\"ZrX - Revelation\",\"url\":\"https:\/\/revelati0n.com\/\",\"logo\":{\"@type\":\"ImageObject\",\"inLanguage\":\"de\",\"@id\":\"https:\/\/revelati0n.com\/#\/schema\/logo\/image\/\",\"url\":\"https:\/\/revelati0n.com\/wp-content\/uploads\/2022\/11\/logo.png\",\"contentUrl\":\"https:\/\/revelati0n.com\/wp-content\/uploads\/2022\/11\/logo.png\",\"width\":183,\"height\":61,\"caption\":\"ZrX - Revelation\"},\"image\":{\"@id\":\"https:\/\/revelati0n.com\/#\/schema\/logo\/image\/\"}}]}<\/script>\n<!-- \/ Yoast SEO plugin. -->","yoast_head_json":{"title":"Tutorials - ZrX - Revelation","robots":{"index":"index","follow":"follow","max-snippet":"max-snippet:-1","max-image-preview":"max-image-preview:large","max-video-preview":"max-video-preview:-1"},"canonical":"https:\/\/revelati0n.com\/?page_id=17&lang=en","og_locale":"de_DE","og_type":"article","og_title":"Tutorials - ZrX - Revelation","og_description":"Beginner Guides: Ownprotection RSS-Managment Farming Building and investment improvement Building Permit Unit Training Casino and Scavenger Hunt Kingpin Gearsets Jewels City migration &nbsp; Defense and Fight: Wall Welche Einheit schl\u00e4gt welche Unterschied Verst\u00e4rken und Stationieren Ausr\u00fcstung und Begabung Erkl\u00e4rung zur Formation Formation Z Verteidigung UB-Falle Superwaffen Exclusive Waffen Erkundungsbericht Truppeneinstellung bei Raid Raid Leader Codes f\u00fcr Raids Fleischwand &nbsp; Our instructions were created by: Klei\u03ae Idefix [dGa] (City #283) F\u00e6me69 [TvP] (City #47) d43m0n23 [tvp] (City #47) *All screenshots are...Weiterlesen Weiterlesen","og_url":"https:\/\/revelati0n.com\/?page_id=17&lang=en","og_site_name":"ZrX - Revelation","article_modified_time":"2025-04-23T11:24:00+00:00","og_image":[{"width":600,"height":314,"url":"https:\/\/revelati0n.com\/wp-content\/uploads\/2023\/01\/tutorials.jpg","type":"image\/jpeg"}],"twitter_card":"summary_large_image","twitter_misc":{"Gesch\u00e4tzte Lesezeit":"1\u00a0Minute"},"schema":{"@context":"https:\/\/schema.org","@graph":[{"@type":"WebPage","@id":"https:\/\/revelati0n.com\/?page_id=17&lang=en","url":"https:\/\/revelati0n.com\/?page_id=17&lang=en","name":"Tutorials - ZrX - Revelation","isPartOf":{"@id":"https:\/\/revelati0n.com\/#website"},"primaryImageOfPage":{"@id":"https:\/\/revelati0n.com\/?page_id=17&lang=en#primaryimage"},"image":{"@id":"https:\/\/revelati0n.com\/?page_id=17&lang=en#primaryimage"},"thumbnailUrl":"https:\/\/revelati0n.com\/wp-content\/uploads\/2023\/01\/tutorials.jpg","datePublished":"2022-06-17T00:46:36+00:00","dateModified":"2025-04-23T11:24:00+00:00","breadcrumb":{"@id":"https:\/\/revelati0n.com\/?page_id=17&lang=en#breadcrumb"},"inLanguage":"de","potentialAction":[{"@type":"ReadAction","target":["https:\/\/revelati0n.com\/?page_id=17&lang=en"]}]},{"@type":"ImageObject","inLanguage":"de","@id":"https:\/\/revelati0n.com\/?page_id=17&lang=en#primaryimage","url":"https:\/\/revelati0n.com\/wp-content\/uploads\/2023\/01\/tutorials.jpg","contentUrl":"https:\/\/revelati0n.com\/wp-content\/uploads\/2023\/01\/tutorials.jpg","width":600,"height":314},{"@type":"BreadcrumbList","@id":"https:\/\/revelati0n.com\/?page_id=17&lang=en#breadcrumb","itemListElement":[{"@type":"ListItem","position":1,"name":"Home","item":"https:\/\/revelati0n.com\/"},{"@type":"ListItem","position":2,"name":"Tutorials"}]},{"@type":"WebSite","@id":"https:\/\/revelati0n.com\/#website","url":"https:\/\/revelati0n.com\/","name":"ZrX - Revelation","description":"The Grand Mafia Guides - Tips - Tricks - Tutorials","publisher":{"@id":"https:\/\/revelati0n.com\/#organization"},"potentialAction":[{"@type":"SearchAction","target":{"@type":"EntryPoint","urlTemplate":"https:\/\/revelati0n.com\/?s={search_term_string}"},"query-input":{"@type":"PropertyValueSpecification","valueRequired":true,"valueName":"search_term_string"}}],"inLanguage":"de"},{"@type":"Organization","@id":"https:\/\/revelati0n.com\/#organization","name":"ZrX - Revelation","url":"https:\/\/revelati0n.com\/","logo":{"@type":"ImageObject","inLanguage":"de","@id":"https:\/\/revelati0n.com\/#\/schema\/logo\/image\/","url":"https:\/\/revelati0n.com\/wp-content\/uploads\/2022\/11\/logo.png","contentUrl":"https:\/\/revelati0n.com\/wp-content\/uploads\/2022\/11\/logo.png","width":183,"height":61,"caption":"ZrX - Revelation"},"image":{"@id":"https:\/\/revelati0n.com\/#\/schema\/logo\/image\/"}}]}},"_links":{"self":[{"href":"https:\/\/revelati0n.com\/index.php?rest_route=\/wp\/v2\/pages\/17","targetHints":{"allow":["GET"]}}],"collection":[{"href":"https:\/\/revelati0n.com\/index.php?rest_route=\/wp\/v2\/pages"}],"about":[{"href":"https:\/\/revelati0n.com\/index.php?rest_route=\/wp\/v2\/types\/page"}],"author":[{"embeddable":true,"href":"https:\/\/revelati0n.com\/index.php?rest_route=\/wp\/v2\/users\/1"}],"replies":[{"embeddable":true,"href":"https:\/\/revelati0n.com\/index.php?rest_route=%2Fwp%2Fv2%2Fcomments&post=17"}],"version-history":[{"count":17,"href":"https:\/\/revelati0n.com\/index.php?rest_route=\/wp\/v2\/pages\/17\/revisions"}],"predecessor-version":[{"id":601,"href":"https:\/\/revelati0n.com\/index.php?rest_route=\/wp\/v2\/pages\/17\/revisions\/601"}],"wp:attachment":[{"href":"https:\/\/revelati0n.com\/index.php?rest_route=%2Fwp%2Fv2%2Fmedia&parent=17"}],"curies":[{"name":"wp","href":"https:\/\/api.w.org\/{rel}","templated":true}]}}